{"version":"1.0","provider_name":"ORECC Forez Montbrison Savigneux - Expert comptable","provider_url":"https:\/\/orecc.fr\/forez","author_name":"orecc","author_url":"https:\/\/orecc.fr\/forez\/author\/orecc\/","title":"Pr\u00e9cisions sur les aides COVID-19 - ORECC Forez Montbrison Savigneux - Expert comptable","type":"rich","width":600,"height":338,"html":"<blockquote class=\"wp-embedded-content\" data-secret=\"ZWnZfas83n\"><a href=\"https:\/\/orecc.fr\/forez\/precisions-sur-les-aides-covid-19\/\">Pr\u00e9cisions sur les aides COVID-19<\/a><\/blockquote><iframe sandbox=\"allow-scripts\" security=\"restricted\" src=\"https:\/\/orecc.fr\/forez\/precisions-sur-les-aides-covid-19\/embed\/#?secret=ZWnZfas83n\" width=\"600\" height=\"338\" title=\"\u00ab\u00a0Pr\u00e9cisions sur les aides COVID-19\u00a0\u00bb &#8212; ORECC Forez Montbrison Savigneux - Expert comptable\" data-secret=\"ZWnZfas83n\" frameborder=\"0\" marginwidth=\"0\" marginheight=\"0\" scrolling=\"no\" class=\"wp-embedded-content\"><\/iframe><script>\n\/*! This file is auto-generated *\/\n!function(d,l){\"use strict\";l.querySelector&&d.addEventListener&&\"undefined\"!=typeof URL&&(d.wp=d.wp||{},d.wp.receiveEmbedMessage||(d.wp.receiveEmbedMessage=function(e){var t=e.data;if((t||t.secret||t.message||t.value)&&!\/[^a-zA-Z0-9]\/.test(t.secret)){for(var s,r,n,a=l.querySelectorAll('iframe[data-secret=\"'+t.secret+'\"]'),o=l.querySelectorAll('blockquote[data-secret=\"'+t.secret+'\"]'),c=new RegExp(\"^https?:$\",\"i\"),i=0;i<o.length;i++)o[i].style.display=\"none\";for(i=0;i<a.length;i++)s=a[i],e.source===s.contentWindow&&(s.removeAttribute(\"style\"),\"height\"===t.message?(1e3<(r=parseInt(t.value,10))?r=1e3:~~r<200&&(r=200),s.height=r):\"link\"===t.message&&(r=new URL(s.getAttribute(\"src\")),n=new URL(t.value),c.test(n.protocol))&&n.host===r.host&&l.activeElement===s&&(d.top.location.href=t.value))}},d.addEventListener(\"message\",d.wp.receiveEmbedMessage,!1),l.addEventListener(\"DOMContentLoaded\",function(){for(var e,t,s=l.querySelectorAll(\"iframe.wp-embedded-content\"),r=0;r<s.length;r++)(t=(e=s[r]).getAttribute(\"data-secret\"))||(t=Math.random().toString(36).substring(2,12),e.src+=\"#?secret=\"+t,e.setAttribute(\"data-secret\",t)),e.contentWindow.postMessage({message:\"ready\",secret:t},\"*\")},!1)))}(window,document);\n<\/script>\n","thumbnail_url":"https:\/\/orecc.fr\/forez\/wp-content\/uploads\/sites\/9\/2020\/04\/THE-GOOD-ONE-2.png","thumbnail_width":800,"thumbnail_height":450,"description":"Ch\u00e8res clientes, chers clients, Nous vous esp\u00e9rons toujours en bonne forme. Avec tous les textes qui circulent actuellement, nous avons pens\u00e9 qu\u2019il serait bon de faire le point sur les aides en vigueur pour les entreprises. Aides de 1500 \u20ac + 2000 \u20ac : des pr\u00e9cisions pour les SARL et leurs G\u00e9rants Les conditions pour [&hellip;]"}

Précisions sur les aides COVID-19 - ORECC Forez Montbrison Savigneux - Expert comptable

<blockquote class="wp-embedded-content" data-secret="ZWnZfas83n"><a href="https://orecc.fr/forez/precisions-sur-les-aides-covid-19/">Précisions sur les aides COVID-19</a></blockquote><iframe sandbox="allow-scripts" security="restricted" src="https://orecc.fr/forez/precisions-sur-les-aides-covid-19/embed/#?secret=ZWnZfas83n" width="600" height="338" title="« Précisions sur les aides COVID-19 » &#8212; ORECC Forez Montbrison Savigneux - Expert comptable" data-secret="ZWnZfas83n" frameborder="0" marginwidth="0" marginheight="0" scrolling="no" class="wp-embedded-content"></iframe><script>
/*! This file is auto-generated */
!function(d,l){"use strict";l.querySelector&&d.addEventListener&&"undefined"!=typeof URL&&(d.wp=d.wp||{},d.wp.receiveEmbedMessage||(d.wp.receiveEmbedMessage=function(e){var t=e.data;if((t||t.secret||t.message||t.value)&&!/[^a-zA-Z0-9]/.test(t.secret)){for(var s,r,n,a=l.querySelectorAll('iframe[data-secret="'+t.secret+'"]'),o=l.querySelectorAll('blockquote[data-secret="'+t.secret+'"]'),c=new RegExp("^https?:$","i"),i=0;i<o.length;i++)o[i].style.display="none";for(i=0;i<a.length;i++)s=a[i],e.source===s.contentWindow&&(s.removeAttribute("style"),"height"===t.message?(1e3<(r=parseInt(t.value,10))?r=1e3:~~r<200&&(r=200),s.height=r):"link"===t.message&&(r=new URL(s.getAttribute("src")),n=new URL(t.value),c.test(n.protocol))&&n.host===r.host&&l.activeElement===s&&(d.top.location.href=t.value))}},d.addEventListener("message",d.wp.receiveEmbedMessage,!1),l.addEventListener("DOMContentLoaded",function(){for(var e,t,s=l.querySelectorAll("iframe.wp-embedded-content"),r=0;r<s.length;r++)(t=(e=s[r]).getAttribute("data-secret"))||(t=Math.random().toString(36).substring(2,12),e.src+="#?secret="+t,e.setAttribute("data-secret",t)),e.contentWindow.postMessage({message:"ready",secret:t},"*")},!1)))}(window,document);
</script>

Chères clientes, chers clients, Nous vous espérons toujours en bonne forme. Avec tous les textes qui circulent actuellement, nous avons pensé qu’il serait bon de faire le point sur les aides en vigueur pour les entreprises. Aides de 1500 € + 2000 € : des précisions pour les SARL et leurs Gérants Les conditions pour [&hellip;]
