{"version":"1.0","provider_name":"ORECC Forez Montbrison Savigneux - Expert comptable","provider_url":"https:\/\/orecc.fr\/forez","author_name":"orecc","author_url":"https:\/\/orecc.fr\/forez\/author\/orecc\/","title":"Jusqu'\u00e0 10 000\u20ac d'aides : d\u00e9tails - ORECC Forez Montbrison Savigneux - Expert comptable","type":"rich","width":600,"height":338,"html":"<blockquote class=\"wp-embedded-content\" data-secret=\"vSmWZ7r98c\"><a href=\"https:\/\/orecc.fr\/forez\/jusqua-10-000e-daides-details\/\">Jusqu&rsquo;\u00e0 10 000\u20ac d&rsquo;aides : d\u00e9tails<\/a><\/blockquote><iframe sandbox=\"allow-scripts\" security=\"restricted\" src=\"https:\/\/orecc.fr\/forez\/jusqua-10-000e-daides-details\/embed\/#?secret=vSmWZ7r98c\" width=\"600\" height=\"338\" title=\"\u00ab\u00a0Jusqu&rsquo;\u00e0 10 000\u20ac d&rsquo;aides : d\u00e9tails\u00a0\u00bb &#8212; ORECC Forez Montbrison Savigneux - Expert comptable\" data-secret=\"vSmWZ7r98c\" frameborder=\"0\" marginwidth=\"0\" marginheight=\"0\" scrolling=\"no\" class=\"wp-embedded-content\"><\/iframe><script>\n\/*! This file is auto-generated *\/\n!function(d,l){\"use strict\";l.querySelector&&d.addEventListener&&\"undefined\"!=typeof URL&&(d.wp=d.wp||{},d.wp.receiveEmbedMessage||(d.wp.receiveEmbedMessage=function(e){var t=e.data;if((t||t.secret||t.message||t.value)&&!\/[^a-zA-Z0-9]\/.test(t.secret)){for(var s,r,n,a=l.querySelectorAll('iframe[data-secret=\"'+t.secret+'\"]'),o=l.querySelectorAll('blockquote[data-secret=\"'+t.secret+'\"]'),c=new RegExp(\"^https?:$\",\"i\"),i=0;i<o.length;i++)o[i].style.display=\"none\";for(i=0;i<a.length;i++)s=a[i],e.source===s.contentWindow&&(s.removeAttribute(\"style\"),\"height\"===t.message?(1e3<(r=parseInt(t.value,10))?r=1e3:~~r<200&&(r=200),s.height=r):\"link\"===t.message&&(r=new URL(s.getAttribute(\"src\")),n=new URL(t.value),c.test(n.protocol))&&n.host===r.host&&l.activeElement===s&&(d.top.location.href=t.value))}},d.addEventListener(\"message\",d.wp.receiveEmbedMessage,!1),l.addEventListener(\"DOMContentLoaded\",function(){for(var e,t,s=l.querySelectorAll(\"iframe.wp-embedded-content\"),r=0;r<s.length;r++)(t=(e=s[r]).getAttribute(\"data-secret\"))||(t=Math.random().toString(36).substring(2,12),e.src+=\"#?secret=\"+t,e.setAttribute(\"data-secret\",t)),e.contentWindow.postMessage({message:\"ready\",secret:t},\"*\")},!1)))}(window,document);\n<\/script>\n","thumbnail_url":"https:\/\/orecc.fr\/forez\/wp-content\/uploads\/sites\/9\/2020\/11\/THE-GOOD-ONE4.png","thumbnail_width":800,"thumbnail_height":450,"description":"Ch\u00e8res clientes, chers clients, Nous vous esp\u00e9rons en bonne forme, ainsi que vos proches. \u2714\ufe0f Les aides du fonds de solidarit\u00e9 peuvent atteindre jusqu\u2019\u00e0 10 000 \u20ac pour les entreprises de moins de 50 salari\u00e9s Les aides du fonds de solidarit\u00e9 peuvent d\u00e9sormais \u00eatre accord\u00e9es aux entreprises de moins de 50 salari\u00e9s et atteindre 10 [&hellip;]"}

Jusqu'à 10 000€ d'aides : détails - ORECC Forez Montbrison Savigneux - Expert comptable

<blockquote class="wp-embedded-content" data-secret="vSmWZ7r98c"><a href="https://orecc.fr/forez/jusqua-10-000e-daides-details/">Jusqu&rsquo;à 10 000€ d&rsquo;aides : détails</a></blockquote><iframe sandbox="allow-scripts" security="restricted" src="https://orecc.fr/forez/jusqua-10-000e-daides-details/embed/#?secret=vSmWZ7r98c" width="600" height="338" title="« Jusqu&rsquo;à 10 000€ d&rsquo;aides : détails » &#8212; ORECC Forez Montbrison Savigneux - Expert comptable" data-secret="vSmWZ7r98c" frameborder="0" marginwidth="0" marginheight="0" scrolling="no" class="wp-embedded-content"></iframe><script>
/*! This file is auto-generated */
!function(d,l){"use strict";l.querySelector&&d.addEventListener&&"undefined"!=typeof URL&&(d.wp=d.wp||{},d.wp.receiveEmbedMessage||(d.wp.receiveEmbedMessage=function(e){var t=e.data;if((t||t.secret||t.message||t.value)&&!/[^a-zA-Z0-9]/.test(t.secret)){for(var s,r,n,a=l.querySelectorAll('iframe[data-secret="'+t.secret+'"]'),o=l.querySelectorAll('blockquote[data-secret="'+t.secret+'"]'),c=new RegExp("^https?:$","i"),i=0;i<o.length;i++)o[i].style.display="none";for(i=0;i<a.length;i++)s=a[i],e.source===s.contentWindow&&(s.removeAttribute("style"),"height"===t.message?(1e3<(r=parseInt(t.value,10))?r=1e3:~~r<200&&(r=200),s.height=r):"link"===t.message&&(r=new URL(s.getAttribute("src")),n=new URL(t.value),c.test(n.protocol))&&n.host===r.host&&l.activeElement===s&&(d.top.location.href=t.value))}},d.addEventListener("message",d.wp.receiveEmbedMessage,!1),l.addEventListener("DOMContentLoaded",function(){for(var e,t,s=l.querySelectorAll("iframe.wp-embedded-content"),r=0;r<s.length;r++)(t=(e=s[r]).getAttribute("data-secret"))||(t=Math.random().toString(36).substring(2,12),e.src+="#?secret="+t,e.setAttribute("data-secret",t)),e.contentWindow.postMessage({message:"ready",secret:t},"*")},!1)))}(window,document);
</script>

Chères clientes, chers clients, Nous vous espérons en bonne forme, ainsi que vos proches. ✔️ Les aides du fonds de solidarité peuvent atteindre jusqu’à 10 000 € pour les entreprises de moins de 50 salariés Les aides du fonds de solidarité peuvent désormais être accordées aux entreprises de moins de 50 salariés et atteindre 10 [&hellip;]
