{"version":"1.0","provider_name":"ORECC Forez Montbrison Savigneux - Expert comptable","provider_url":"https:\/\/orecc.fr\/forez","author_name":"orecc","author_url":"https:\/\/orecc.fr\/forez\/author\/orecc\/","title":"Activit\u00e9 partielle & cong\u00e9s pay\u00e9s - ORECC Forez Montbrison Savigneux - Expert comptable","type":"rich","width":600,"height":338,"html":"<blockquote class=\"wp-embedded-content\" data-secret=\"s99nM2h3rh\"><a href=\"https:\/\/orecc.fr\/forez\/activite-partielle-conges-payes\/\">Activit\u00e9 partielle &#038; cong\u00e9s pay\u00e9s<\/a><\/blockquote><iframe sandbox=\"allow-scripts\" security=\"restricted\" src=\"https:\/\/orecc.fr\/forez\/activite-partielle-conges-payes\/embed\/#?secret=s99nM2h3rh\" width=\"600\" height=\"338\" title=\"\u00ab\u00a0Activit\u00e9 partielle &#038; cong\u00e9s pay\u00e9s\u00a0\u00bb &#8212; ORECC Forez Montbrison Savigneux - Expert comptable\" data-secret=\"s99nM2h3rh\" frameborder=\"0\" marginwidth=\"0\" marginheight=\"0\" scrolling=\"no\" class=\"wp-embedded-content\"><\/iframe><script>\n\/*! This file is auto-generated *\/\n!function(d,l){\"use strict\";l.querySelector&&d.addEventListener&&\"undefined\"!=typeof URL&&(d.wp=d.wp||{},d.wp.receiveEmbedMessage||(d.wp.receiveEmbedMessage=function(e){var t=e.data;if((t||t.secret||t.message||t.value)&&!\/[^a-zA-Z0-9]\/.test(t.secret)){for(var s,r,n,a=l.querySelectorAll('iframe[data-secret=\"'+t.secret+'\"]'),o=l.querySelectorAll('blockquote[data-secret=\"'+t.secret+'\"]'),c=new RegExp(\"^https?:$\",\"i\"),i=0;i<o.length;i++)o[i].style.display=\"none\";for(i=0;i<a.length;i++)s=a[i],e.source===s.contentWindow&&(s.removeAttribute(\"style\"),\"height\"===t.message?(1e3<(r=parseInt(t.value,10))?r=1e3:~~r<200&&(r=200),s.height=r):\"link\"===t.message&&(r=new URL(s.getAttribute(\"src\")),n=new URL(t.value),c.test(n.protocol))&&n.host===r.host&&l.activeElement===s&&(d.top.location.href=t.value))}},d.addEventListener(\"message\",d.wp.receiveEmbedMessage,!1),l.addEventListener(\"DOMContentLoaded\",function(){for(var e,t,s=l.querySelectorAll(\"iframe.wp-embedded-content\"),r=0;r<s.length;r++)(t=(e=s[r]).getAttribute(\"data-secret\"))||(t=Math.random().toString(36).substring(2,12),e.src+=\"#?secret=\"+t,e.setAttribute(\"data-secret\",t)),e.contentWindow.postMessage({message:\"ready\",secret:t},\"*\")},!1)))}(window,document);\n<\/script>\n","thumbnail_url":"https:\/\/orecc.fr\/forez\/wp-content\/uploads\/sites\/9\/2020\/12\/Blog-ORECC.png","thumbnail_width":800,"thumbnail_height":450,"description":"Ch\u00e8res clientes, chers clients, Nous vous esp\u00e9rons en bonne forme, ainsi que vos proches. \u2714\ufe0f Une ordonnance du 21 d\u00e9cembre vient de prolonger les dispositifs transitoires L\u2019\u00e9volution de la crise sanitaire conduit les pouvoirs publics \u00e0 adapter de nouveau le r\u00e9gime de l\u2019activit\u00e9 partielle. L\u2019ordonnance pr\u00e9voit les dispositions suivantes : R\u00e9activation d\u2019un dispositif d&rsquo;activit\u00e9 partielle [&hellip;]"}

Activité partielle & congés payés - ORECC Forez Montbrison Savigneux - Expert comptable

<blockquote class="wp-embedded-content" data-secret="s99nM2h3rh"><a href="https://orecc.fr/forez/activite-partielle-conges-payes/">Activité partielle &#038; congés payés</a></blockquote><iframe sandbox="allow-scripts" security="restricted" src="https://orecc.fr/forez/activite-partielle-conges-payes/embed/#?secret=s99nM2h3rh" width="600" height="338" title="« Activité partielle &#038; congés payés » &#8212; ORECC Forez Montbrison Savigneux - Expert comptable" data-secret="s99nM2h3rh" frameborder="0" marginwidth="0" marginheight="0" scrolling="no" class="wp-embedded-content"></iframe><script>
/*! This file is auto-generated */
!function(d,l){"use strict";l.querySelector&&d.addEventListener&&"undefined"!=typeof URL&&(d.wp=d.wp||{},d.wp.receiveEmbedMessage||(d.wp.receiveEmbedMessage=function(e){var t=e.data;if((t||t.secret||t.message||t.value)&&!/[^a-zA-Z0-9]/.test(t.secret)){for(var s,r,n,a=l.querySelectorAll('iframe[data-secret="'+t.secret+'"]'),o=l.querySelectorAll('blockquote[data-secret="'+t.secret+'"]'),c=new RegExp("^https?:$","i"),i=0;i<o.length;i++)o[i].style.display="none";for(i=0;i<a.length;i++)s=a[i],e.source===s.contentWindow&&(s.removeAttribute("style"),"height"===t.message?(1e3<(r=parseInt(t.value,10))?r=1e3:~~r<200&&(r=200),s.height=r):"link"===t.message&&(r=new URL(s.getAttribute("src")),n=new URL(t.value),c.test(n.protocol))&&n.host===r.host&&l.activeElement===s&&(d.top.location.href=t.value))}},d.addEventListener("message",d.wp.receiveEmbedMessage,!1),l.addEventListener("DOMContentLoaded",function(){for(var e,t,s=l.querySelectorAll("iframe.wp-embedded-content"),r=0;r<s.length;r++)(t=(e=s[r]).getAttribute("data-secret"))||(t=Math.random().toString(36).substring(2,12),e.src+="#?secret="+t,e.setAttribute("data-secret",t)),e.contentWindow.postMessage({message:"ready",secret:t},"*")},!1)))}(window,document);
</script>

Chères clientes, chers clients, Nous vous espérons en bonne forme, ainsi que vos proches. ✔️ Une ordonnance du 21 décembre vient de prolonger les dispositifs transitoires L’évolution de la crise sanitaire conduit les pouvoirs publics à adapter de nouveau le régime de l’activité partielle. L’ordonnance prévoit les dispositions suivantes : Réactivation d’un dispositif d&rsquo;activité partielle [&hellip;]
